    {"id":1097,"date":"2025-06-24T14:08:35","date_gmt":"2025-06-24T12:08:35","guid":{"rendered":"https:\/\/maqueta.film\/work\/estoque"},"modified":"2026-02-24T20:56:35","modified_gmt":"2026-02-24T19:56:35","slug":"estoque","status":"publish","type":"work","link":"https:\/\/maqueta.film\/es\/work\/estoque","title":{"rendered":"Estoque"},"content":{"rendered":"\n<p class=\"wp-block-paragraph\">Tras la muerte de su madre, Cristian vive con su padre y su abuelo en la ganader\u00eda familiar, donde cr\u00edan toros de lidia. Su abuelo, que en su juventud fue torero, la construy\u00f3 al cortarse la coleta (retirarse de ser torero). El luto no impide que el trabajo en la ganader\u00eda siga su curso y Cris va a enfocarse en su formaci\u00f3n como aprendiz de torero. Se ha criado entre toros, por eso sabe torear muy bien, aunque nunca ha matado a ninguno. Cuando tienen que marcar, con el bautismo de fuego, a los nuevos becerros para prepararlos como novillos, su padre le obliga a hacerlo, ya que sabe que tiene demasiado apego a los animales, y eso es algo que quiere corregir. Entre ellos hay un becerro al que Cris rescat\u00f3 al ser rechazado tras su nacimiento y que ha criado en casa, poni\u00e9ndole por nombre\u00a0<em>Estoque<\/em>\u00a0(la espada que usan los toreros para matar a los toros en la plaza). Ramiro, su mejor amigo, se prepara para interpretar a Segismundo en la representaci\u00f3n de final de curso de la obra\u00a0<em>La vida es sue\u00f1o<\/em>. Cristian tendr\u00e1 que escoger entre el fuerte deseo que empieza a sentir por su amigo Ramiro o cumplir con la tradici\u00f3n familiar, tal y como su padre y su abuelo esperan de \u00e9l.<\/p>\n\n\n\n<div class=\"wp-block-columns is-layout-flex wp-container-core-columns-is-layout-8f761849 wp-block-columns-is-layout-flex\">\n<div class=\"wp-block-column is-layout-flow wp-block-column-is-layout-flow\"><\/div>\n\n\n\n<div class=\"wp-block-column is-layout-flow wp-block-column-is-layout-flow\">\n<p class=\"wp-block-paragraph\"><\/p>\n<\/div>\n<\/div>\n\n\n\n<p class=\"wp-block-paragraph\"><\/p>\n","protected":false},"author":1,"featured_media":1099,"template":"","class_list":["post-1097","work","type-work","status-publish","has-post-thumbnail","hentry"],"acf":{"genero":"Drama","ano":"","director":"Andrea Segarra Bueno","nacionalidad":"Espa\u00f1a","duracion":"","idioma":"Castellano","produccion":"","estado":"Desarrollo","mostrar_ficha_al_final":true,"ficha_artistica":"","premios":"<p data-start=\"51\" data-end=\"96\"><strong data-start=\"51\" data-end=\"76\">Campus de Verano 2025<\/strong>, Academia de Cine<\/p>\r\n<p data-start=\"99\" data-end=\"202\"><strong data-start=\"99\" data-end=\"133\">Seleccionado en Queer Palm Lab<\/strong>, presentado en <em data-start=\"149\" data-end=\"176\">Cannes Film Festival 2025<\/em> (Director: Lukas Dhont)<\/p>\r\n<p data-start=\"205\" data-end=\"289\"><strong data-start=\"205\" data-end=\"251\">Seleccionado en MECAS, Cine por Hacer 2025<\/strong> \u2013 <strong data-start=\"254\" data-end=\"287\">Premio MECAS Very Good Script<\/strong><\/p>\r\n<p data-start=\"292\" data-end=\"372\"><strong data-start=\"292\" data-end=\"370\">Seleccionado para participar en el XI Pitching F\u00f2rum de Llargmetratges GAC<\/strong><\/p>\r\n<p data-start=\"375\" data-end=\"430\"><strong data-start=\"375\" data-end=\"428\">Seleccionado en Residencias 2026,\u00a0<\/strong> Academia de Cine<\/p>","trailer":{"tipo_de_trailer":"","archivo_mp4":null,"youtube":""},"texto_apoyo":"","imagen_apoyo":null,"max_width":""},"_links":{"self":[{"href":"https:\/\/maqueta.film\/es\/wp-json\/wp\/v2\/work\/1097","targetHints":{"allow":["GET"]}}],"collection":[{"href":"https:\/\/maqueta.film\/es\/wp-json\/wp\/v2\/work"}],"about":[{"href":"https:\/\/maqueta.film\/es\/wp-json\/wp\/v2\/types\/work"}],"author":[{"embeddable":true,"href":"https:\/\/maqueta.film\/es\/wp-json\/wp\/v2\/users\/1"}],"version-history":[{"count":1,"href":"https:\/\/maqueta.film\/es\/wp-json\/wp\/v2\/work\/1097\/revisions"}],"predecessor-version":[{"id":1117,"href":"https:\/\/maqueta.film\/es\/wp-json\/wp\/v2\/work\/1097\/revisions\/1117"}],"wp:featuredmedia":[{"embeddable":true,"href":"https:\/\/maqueta.film\/es\/wp-json\/wp\/v2\/media\/1099"}],"wp:attachment":[{"href":"https:\/\/maqueta.film\/es\/wp-json\/wp\/v2\/media?parent=1097"}],"curies":[{"name":"wp","href":"https:\/\/api.w.org\/{rel}","templated":true}]}}

<p class="wp-block-paragraph">Tras la muerte de su madre, Cristian vive con su padre y su abuelo en la ganadería familiar, donde crían toros de lidia. Su abuelo, que en su juventud fue torero, la construyó al cortarse la coleta (retirarse de ser torero). El luto no impide que el trabajo en la ganadería siga su curso y Cris va a enfocarse en su formación como aprendiz de torero. Se ha criado entre toros, por eso sabe torear muy bien, aunque nunca ha matado a ninguno. Cuando tienen que marcar, con el bautismo de fuego, a los nuevos becerros para prepararlos como novillos, su padre le obliga a hacerlo, ya que sabe que tiene demasiado apego a los animales, y eso es algo que quiere corregir. Entre ellos hay un becerro al que Cris rescató al ser rechazado tras su nacimiento y que ha criado en casa, poniéndole por nombre <em>Estoque</em> (la espada que usan los toreros para matar a los toros en la plaza). Ramiro, su mejor amigo, se prepara para interpretar a Segismundo en la representación de final de curso de la obra <em>La vida es sueño</em>. Cristian tendrá que escoger entre el fuerte deseo que empieza a sentir por su amigo Ramiro o cumplir con la tradición familiar, tal y como su padre y su abuelo esperan de él.</p>



<div class="wp-block-columns is-layout-flex wp-container-core-columns-is-layout-8f761849 wp-block-columns-is-layout-flex">
<div class="wp-block-column is-layout-flow wp-block-column-is-layout-flow"></div>



<div class="wp-block-column is-layout-flow wp-block-column-is-layout-flow">
<p class="wp-block-paragraph"></p>
</div>
</div>



<p class="wp-block-paragraph"></p>

España

<p data-start="51" data-end="96"><strong data-start="51" data-end="76">Campus de Verano 2025</strong>, Academia de Cine</p>
<p data-start="99" data-end="202"><strong data-start="99" data-end="133">Seleccionado en Queer Palm Lab</strong>, presentado en <em data-start="149" data-end="176">Cannes Film Festival 2025</em> (Director: Lukas Dhont)</p>
<p data-start="205" data-end="289"><strong data-start="205" data-end="251">Seleccionado en MECAS, Cine por Hacer 2025</strong> – <strong data-start="254" data-end="287">Premio MECAS Very Good Script</strong></p>
<p data-start="292" data-end="372"><strong data-start="292" data-end="370">Seleccionado para participar en el XI Pitching Fòrum de Llargmetratges GAC</strong></p>
<p data-start="375" data-end="430"><strong data-start="375" data-end="428">Seleccionado en Residencias 2026, </strong> Academia de Cine</p>
